{"id":2,"date":"2021-02-16T06:41:29","date_gmt":"2021-02-16T06:41:29","guid":{"rendered":"http:\/\/ekamikillat.fi\/tarjoilijakilta\/?page_id=2"},"modified":"2021-11-03T14:24:39","modified_gmt":"2021-11-03T14:24:39","slug":"sample-page","status":"publish","type":"page","link":"https:\/\/ekamikillat.fi\/tarjoilijakilta\/","title":{"rendered":"Etusivu"},"content":{"rendered":"\n<p>Sivustoa p\u00e4ivitet\u00e4\u00e4n&#8230;<\/p>\n","protected":false},"excerpt":{"rendered":"<p>Sivustoa p\u00e4ivitet\u00e4\u00e4n&#8230;<\/p>\n","protected":false},"author":1,"featured_media":0,"parent":0,"menu_order":0,"comment_status":"closed","ping_status":"closed","template":"","meta":[],"_links":{"self":[{"href":"https:\/\/ekamikillat.fi\/tarjoilijakilta\/index.php\/wp-json\/wp\/v2\/pages\/2"}],"collection":[{"href":"https:\/\/ekamikillat.fi\/tarjoilijakilta\/index.php\/wp-json\/wp\/v2\/pages"}],"about":[{"href":"https:\/\/ekamikillat.fi\/tarjoilijakilta\/index.php\/wp-json\/wp\/v2\/types\/page"}],"author":[{"embeddable":true,"href":"https:\/\/ekamikillat.fi\/tarjoilijakilta\/index.php\/wp-json\/wp\/v2\/users\/1"}],"replies":[{"embeddable":true,"href":"https:\/\/ekamikillat.fi\/tarjoilijakilta\/index.php\/wp-json\/wp\/v2\/comments?post=2"}],"version-history":[{"count":1,"href":"https:\/\/ekamikillat.fi\/tarjoilijakilta\/index.php\/wp-json\/wp\/v2\/pages\/2\/revisions"}],"predecessor-version":[{"id":8,"href":"https:\/\/ekamikillat.fi\/tarjoilijakilta\/index.php\/wp-json\/wp\/v2\/pages\/2\/revisions\/8"}],"wp:attachment":[{"href":"https:\/\/ekamikillat.fi\/tarjoilijakilta\/index.php\/wp-json\/wp\/v2\/media?parent=2"}],"curies":[{"name":"wp","href":"https:\/\/api.w.org\/{rel}","templated":true}]}}